et s be ((-6)/(-15))/((-10)/(-1025)). What is the greatest common factor of s and 164?
41
Suppose 46 = 2*t + 6. Calculate the greatest common divisor of t and 50.
10
Let b(l) = -18*l - 4. Let j = 2 - 5. Let k be b(j). Suppose -17 = -5*x + 33. What is the greatest common divisor of k and x?
10
Suppose 7 = r + 2. Let w = 1478 + -1468. What is the highest common factor of w and r?
5
Let a be 2*1/((-1)/(-4)). Suppose -4*v = -v. Let c(g) = -g**2 + g + 20. Let r be c(v). Calculate the greatest common divisor of r and a.
4
Let l be ((-2)/(-6))/((-4)/(-36)). Suppose l*f - 6*f + 30 = 0. Calculate the greatest common factor of f and 4.
2
Let r be (-1)/4 - 264/(-32). Suppose 0 = -8*m + 4*m + r. Suppose 5*w + 0*w = 80. Calculate the greatest common divisor of m and w.
2
Let n(o) = -o**2 - 23. Let t be n(0). Suppose -4*g + 3*g + 48 = -5*i, 5*i = -15. Let h = t + g. Calculate the greatest common divisor of h and 1.
1
Let k be 130/8 - 3/12. Let r = -355 - -499. Calculate the greatest common divisor of k and r.
16
Let a be (23/5 + 1)*-10. Let p be (-2)/(-7) + (-152)/a. What is the greatest common divisor of p and 9?
3
Suppose -13 = -4*b + 11. What is the greatest common divisor of b and 12?
6
Suppose -76 = -4*d - 4*b, 5 = -b - 0. Calculate the highest common divisor of 264 and d.
24
Let l = 38 + 50. What is the greatest common factor of 22 and l?
22
Let k = 14 + -7. Suppose -8*c + 6 = -k*c. Calculate the highest common divisor of 66 and c.
6
Suppose -2*o - 5*p = -115, 0*o = 5*o + 4*p - 262. Calculate the highest common factor of 20 and o.
10
Let w(z) = -z + 1. Let d(t) = t**2 + 19*t + 1. Let q(h) = -d(h) - 6*w(h). Let f be q(-11). Calculate the highest common factor of f and 5.
5
Let g be ((-3)/2)/(2/(-108)). Suppose -5*x = d + 5, -3*x + 4*d = 3*d + 3. Let r be 9*(2 + -2 - x). What is the greatest common divisor of r and g?
9
Let s be -2*1 - (-216)/8. What is the highest common factor of 200 and s?
25
Let m(p) = -p**3 - 2*p**2 - 7*p + 2. Let o be m(-5). What is the greatest common factor of 16 and o?
16
Suppose 273 = 6*t - 87. Let o be (0 - 8)*(-5)/1. Calculate the highest common factor of o and t.
20
Suppose -4*c = 8 - 80. Calculate the greatest common factor of c and 18.
18
Let t = 9 + 12. Calculate the highest common divisor of t and 84.
21
Let h be (-20)/1*36/(-5). Suppose -s + 181 = 3*l + 29, 3*s + h = 3*l. Suppose 10 = 2*c - l. What is the highest common factor of c and 3?
3
Let a be (-12 + 0)*(-2 + -16). What is the greatest common divisor of 54 and a?
54
Let n = 21 + -13. Let i = 11 + 1. What is the greatest common divisor of n and i?
4
Let b(i) = -i**2 + i + 22. Let z be b(0). Suppose 4 = 2*f - 0*f. What is the greatest common divisor of z and f?
2
Let f be (160 + -1)*(-8)/(-24). What is the greatest common divisor of 106 and f?
53
Let n be (-4 - -2) + (5 - -1). Suppose -n*q - 84 = -8*q. Suppose 5*x + 28 = 5*c + 8, -2*c - 4*x + 2 = 0. Calculate the highest common factor of c and q.
3
Suppose 0 = 6*x - 8*x + 76. Calculate the highest common factor of x and 19.
19
Suppose w = 4*w - 3*s - 174, 0 = -w - 5*s + 40. Let h = -5 - -8. Let v be (11/h)/((-2)/(-12)). What is the greatest common factor of v and w?
11
Let d be 3 - (1 - -2) - 6. Let a = -2 + d. Let k = 16 + a. Calculate the greatest common divisor of k and 40.
8
Let d(g) = g**2 + 11*g - 8. Let m(k) = -k**3 - 3*k**2 + 4*k. Let w be m(-3). Let h be d(w). Calculate the greatest common divisor of 10 and h.
2
Let y(c) = c**2 - 2*c + 5. Let s be y(4). What is the greatest common divisor of 26 and s?
13
Let v(k) = k + 5. Let u be v(-3). Suppose 0 = -u*f - 6, 0*f - 2*f - 21 = -3*d. What is the highest common factor of 1 and d?
1
Suppose 3*d = r + 8, 5*d - 5 = 4*r - 1. Let q(z) = z**2 + z - 5. Let f be q(-3). Calculate the greatest common factor of f and d.
1
Let z be 476/77 - (-4)/(-22). Calculate the greatest common divisor of 3 and z.
3
Let o = 9 - 4. Suppose 4*j + j + 15 = 3*b, j = -o*b - 31. Let z = j - -8. Calculate the highest common divisor of 2 and z.
2
Suppose 3*n = -0*n + 297. What is the greatest common divisor of 11 and n?
11
Let y be (8/2 + -2)/2. Let x be 0 - ((-17)/y + -2). Let m(t) = 132*t**2 + t. Let j be m(1). Calculate the highest common factor of j and x.
19
Suppose -26 = -l + 14. Suppose -z + 77 = 4*i, 5*i = 8*i + 4*z - 48. What is the highest common factor of l and i?
20
Let d be (-10)/(-25) - 148/(-5). Let i be 6/d - (-4)/5. Let v be (21 - 9)*3*i. What is the highest common factor of 24 and v?
12
Let f = 13 - 49. Let m be (f/8)/(3/8). Let p be 2/m - 14/(-12). What is the greatest common factor of p and 9?
1
Let f be (3/(-5))/((-10)/50). Suppose 0 = f*h - 47 + 5. Calculate the highest common divisor of 35 and h.
7
Let z = 27 - 17. What is the highest common factor of z and 10?
10
Suppose 2*o = -g + 324, -5*g - 7*o = -3*o - 1638. Suppose g = -y + 6*y. Calculate the highest common factor of y and 6.
6
Let u = -113 + 61. Let j be (-9)/(-6)*u/(-6). Suppose -y - 2*y + 156 = 0. Calculate the greatest common factor of y and j.
13
Let j = 40 + -38. What is the highest common divisor of j and 5?
1
Let o = -82 + 122. Calculate the greatest common divisor of o and 8.
8
Let g = 8 + -2. Suppose -3*l = -g*l + 9. Calculate the greatest common divisor of l and 12.
3
Let x = 291 + -183. What is the highest common divisor of 12 and x?
12
Let z(s) = s - 2 + 0*s - 1. Let k be z(5). Let t(v) = -v**2 + 6*v + 1. Let n be t(5). Calculate the greatest common divisor of k and n.
2
Let h be (-2)/5 - 48/(-20). Suppose -h*z - 2*z = -72. Let g(a) = 3*a - 9. Let r be g(6). What is the highest common divisor of z and r?
9
Let c(q) = -3*q - 5. Let n be c(-7). Suppose -4*k = n, 5*k = 5*b - 0*k - 5. Let s = 13 + b. Calculate the greatest common factor of 10 and s.
10
Let a = -3 + 5. Suppose -3*t - 3 = 0, 0*w + 4*t = a*w - 104. Let y = -3 - -13. What is the highest common divisor of y and w?
10
Let c(y) be the first derivative of -3*y**2/2 - 4*y - 4. Let x = -16 + 10. Let l be c(x). What is the greatest common divisor of 126 and l?
14
Let o = 49 + -25. Suppose 3*w - 6*w = -o. What is the greatest common factor of w and 1?
1
Let y be ((-5)/10)/(2/(-24)). Calculate the highest common divisor of 18 and y.
6
Suppose -2*q - j + 61 = 0, 0*j - 5*j + 53 = q. Let i be (21/4)/(3/8). Calculate the greatest common factor of q and i.
14
Let m be (-7 - -6)/(1/(-9)). Calculate the greatest common factor of 18 and m.
9
Suppose 0 = -0*o + 2*o - 20. Let w(f) = 8*f - 2. Let r be w(4). What is the greatest common divisor of o and r?
10
Let f(k) = -k**3 - 6*k**2 + 3*k + 4. Let j be f(-6). Let w be (4/8)/((-1)/j). What is the highest common divisor of w and 63?
7
Suppose c + 73 = 76. What is the highest common factor of c and 24?
3
Suppose 5*l - 8*l + 78 = 0. Let i = 149 + -51. Suppose 3*a = i - l. Calculate the greatest common factor of 36 and a.
12
Let y(q) = -q + 1. Let b be y(-1). Let l be (588/(-8))/(b/(-4)). Suppose -13 - l = -5*i. Calculate the greatest common factor of i and 4.
4
Let r(a) = -a**3 - 8*a**2 - a + 5. Let y be r(-8). Let m(q) = -6*q - 4. Let o be m(-5). What is the highest common divisor of o and y?
13
Suppose -4*d = 62 - 230. What is the greatest common factor of d and 14?
14
Let m be 13 + (0 - (-1 + -1)). Suppose -2*w + 117 = -153. Calculate the highest common divisor of m and w.
15
Let s(v) = -v + 26. Let n be s(12). Let k be (1/(-2))/(1/28). Let y be 10/(1 + 10/k). Calculate the greatest common divisor of y and n.
7
Suppose -394 = -5*g + 2*i - 0*i, 9 = 3*i. Let w = 38 - 6. What is the greatest common divisor of w and g?
16
Suppose 0 = 8*t - 3*t - 20, -2*j = -2*t - 42. Let n = j + -12. Calculate the greatest common factor of 13 and n.
13
Let m = -16 - -21. What is the highest common factor of 35 and m?
5
Let p = -218 + 313. Calculate the greatest common factor of 19 and p.
19
Let p be (-84)/(-9) + (-2)/6. Let a be ((-405)/10)/(2/(-4)). Calculate the greatest common divisor of a and p.
9
Suppose -s - 2 - 6 = -3*w, 4*w = 12. Let z = 2 + -1. Calculate the greatest common factor of z and s.
1
Suppose 4*b + 10 = 34. Suppose 3*r + 158 - 36 = 5*h, 74 = 3*h - 2*r. Suppose -7 = l - h. Calculate the greatest common divisor of l and b.
3
Let a be (-2)/4*-6 + 3. Suppose 3*i = -5*y - 2*i + 25, -2*y - 4*i + a = 0. What is the 